{"id":1005,"date":"2025-09-05T20:09:36","date_gmt":"2025-09-05T20:09:36","guid":{"rendered":"https:\/\/dashboard.dcelectronicapty.com\/?post_type=product&#038;p=1005"},"modified":"2025-09-05T20:16:40","modified_gmt":"2025-09-05T20:16:40","slug":"grabador-de-red-nvr-8ch-poe","status":"publish","type":"product","link":"https:\/\/dashboard.dcelectronicapty.com\/index.php\/producto\/grabador-de-red-nvr-8ch-poe\/","title":{"rendered":"GRABADOR DE RED NVR 8CH PoE"},"content":{"rendered":"<p>DHI-NVR1108HS-S3\/H<br \/>\nGrabador de v\u00eddeo en red compacto de 8 canales, 1U, 1 HDD Lite H.265<\/p>\n<p>&gt; Nueva interfaz de usuario 4.0.<br \/>\n&gt; Vigilancia remota P2P, reproducci\u00f3n de v\u00eddeo en dispositivos m\u00f3viles.<br \/>\n&gt; 4 canales a 1080p (30 fps), capacidad de decodificaci\u00f3n autoadaptativa<br \/>\n&gt; Compatible con las principales c\u00e1maras de protocolo ONVIF y RTSP<br \/>\n&gt; Smart H.265+\/Smart H.264+<br \/>\n&gt; Salida de v\u00eddeo simult\u00e1nea VGA\/HDMI, resoluci\u00f3n m\u00e1xima de HDMI de 1080p<br \/>\n&gt; Configuraci\u00f3n y gesti\u00f3n remota de IPC, como el ajuste de par\u00e1metros, la adquisici\u00f3n de informaci\u00f3n y la actualizaci\u00f3n por lotes de IPC del mismo modelo<br \/>\n&gt; DHCP (Protocolo de configuraci\u00f3n din\u00e1mica de host), HTTP (Protocolo de transferencia de hipertexto), NTP (Protocolo de tiempo de red) y DDNS (Sistema de nombres de dominio din\u00e1mico)<\/p>\n<p>ESPECIFICACIONES<\/p>\n<p><a style=\"font-size: 16px; background-color: #ffffff;\" href=\"https:\/\/material.dahuasecurity.com\/uploads\/soft\/20220810\/DHI-NVR1108HS-8P-S3H_datasheet.pdf\">https:\/\/material.dahuasecurity.com\/uploads\/soft\/20220810\/DHI-NVR1108HS-8P-S3H_datasheet.pdf<\/a><\/p>\n","protected":false},"excerpt":{"rendered":"<p>DHI-NVR1108HS-S3\/H Grabador de v\u00eddeo en red compacto de 8 canales, 1U, 1 HDD Lite H.265 &gt; Nueva interfaz de usuario 4.0. &gt; Vigilancia remota P2P, reproducci\u00f3n de v\u00eddeo en dispositivos m\u00f3viles. &gt; 4 canales a 1080p (30 fps), capacidad de decodificaci\u00f3n autoadaptativa &gt; Compatible con las principales c\u00e1maras de protocolo ONVIF y RTSP &gt; Smart &hellip;<\/p>\n<p class=\"read-more\"> <a class=\"\" href=\"https:\/\/dashboard.dcelectronicapty.com\/index.php\/producto\/grabador-de-red-nvr-8ch-poe\/\"> <span class=\"screen-reader-text\">GRABADOR DE RED NVR 8CH PoE<\/span> Read More &raquo;<\/a><\/p>\n","protected":false},"featured_media":976,"comment_status":"open","ping_status":"closed","template":"","meta":{"site-sidebar-layout":"default","site-content-layout":"default","ast-global-header-display":"","ast-main-header-display":"","ast-hfb-above-header-display":"","ast-hfb-below-header-display":"","ast-hfb-mobile-header-display":"","site-post-title":"","ast-breadcrumbs-content":"","ast-featured-img":"","footer-sml-layout":"","theme-transparent-header-meta":"default","adv-header-id-meta":"","stick-header-meta":"","header-above-stick-meta":"","header-main-stick-meta":"","header-below-stick-meta":"","_joinchat":[]},"product_cat":[74,75,76,82],"product_tag":[],"class_list":["post-1005","product","type-product","status-publish","has-post-thumbnail","hentry","product_cat-seguridad-electronica","product_cat-cctv","product_cat-ip","product_cat-grabador"],"yoast_head":"<!-- This site is optimized with the Yoast SEO plugin v27.1.1 - https:\/\/yoast.com\/product\/yoast-seo-wordpress\/ -->\n<title>GRABADOR DE RED NVR 8CH PoE - DC Electronica<\/title>\n<meta name=\"robots\" content=\"index, follow, max-snippet:-1, max-image-preview:large, max-video-preview:-1\" \/>\n<link rel=\"canonical\" href=\"https:\/\/dashboard.dcelectronicapty.com\/index.php\/producto\/grabador-de-red-nvr-8ch-poe\/\" \/>\n<meta property=\"og:locale\" content=\"en_US\" \/>\n<meta property=\"og:type\" content=\"article\" \/>\n<meta property=\"og:title\" content=\"GRABADOR DE RED NVR 8CH PoE - DC Electronica\" \/>\n<meta property=\"og:description\" content=\"DHI-NVR1108HS-S3\/H Grabador de v\u00eddeo en red compacto de 8 canales, 1U, 1 HDD Lite H.265 &gt; Nueva interfaz de usuario 4.0. &gt; Vigilancia remota P2P, reproducci\u00f3n de v\u00eddeo en dispositivos m\u00f3viles. &gt; 4 canales a 1080p (30 fps), capacidad de decodificaci\u00f3n autoadaptativa &gt; Compatible con las principales c\u00e1maras de protocolo ONVIF y RTSP &gt; Smart &hellip; GRABADOR DE RED NVR 8CH PoE Read More &raquo;\" \/>\n<meta property=\"og:url\" content=\"https:\/\/dashboard.dcelectronicapty.com\/index.php\/producto\/grabador-de-red-nvr-8ch-poe\/\" \/>\n<meta property=\"og:site_name\" content=\"DC Electronica\" \/>\n<meta property=\"article:publisher\" content=\"https:\/\/www.facebook.com\/dcelectronicapty\" \/>\n<meta property=\"article:modified_time\" content=\"2025-09-05T20:16:40+00:00\" \/>\n<meta name=\"twitter:card\" content=\"summary_large_image\" \/>\n<meta name=\"twitter:image\" content=\"https:\/\/i0.wp.com\/dashboard.dcelectronicapty.com\/wp-content\/uploads\/2025\/09\/XVR1B08_1.png?fit=%2C&ssl=1\" \/>\n<meta name=\"twitter:label1\" content=\"Est. reading time\" \/>\n\t<meta name=\"twitter:data1\" content=\"1 minute\" \/>\n<script type=\"application\/ld+json\" class=\"yoast-schema-graph\">{\"@context\":\"https:\/\/schema.org\",\"@graph\":[{\"@type\":\"WebPage\",\"@id\":\"https:\/\/dashboard.dcelectronicapty.com\/index.php\/producto\/grabador-de-red-nvr-8ch-poe\/\",\"url\":\"https:\/\/dashboard.dcelectronicapty.com\/index.php\/producto\/grabador-de-red-nvr-8ch-poe\/\",\"name\":\"GRABADOR DE RED NVR 8CH PoE - DC Electronica\",\"isPartOf\":{\"@id\":\"https:\/\/dashboard.dcelectronicapty.com\/#website\"},\"primaryImageOfPage\":{\"@id\":\"https:\/\/dashboard.dcelectronicapty.com\/index.php\/producto\/grabador-de-red-nvr-8ch-poe\/#primaryimage\"},\"image\":{\"@id\":\"https:\/\/dashboard.dcelectronicapty.com\/index.php\/producto\/grabador-de-red-nvr-8ch-poe\/#primaryimage\"},\"thumbnailUrl\":\"https:\/\/i0.wp.com\/dashboard.dcelectronicapty.com\/wp-content\/uploads\/2025\/09\/XVR1B08_1.png?fit=%2C&ssl=1\",\"datePublished\":\"2025-09-05T20:09:36+00:00\",\"dateModified\":\"2025-09-05T20:16:40+00:00\",\"breadcrumb\":{\"@id\":\"https:\/\/dashboard.dcelectronicapty.com\/index.php\/producto\/grabador-de-red-nvr-8ch-poe\/#breadcrumb\"},\"inLanguage\":\"en-US\",\"potentialAction\":[{\"@type\":\"ReadAction\",\"target\":[\"https:\/\/dashboard.dcelectronicapty.com\/index.php\/producto\/grabador-de-red-nvr-8ch-poe\/\"]}]},{\"@type\":\"ImageObject\",\"inLanguage\":\"en-US\",\"@id\":\"https:\/\/dashboard.dcelectronicapty.com\/index.php\/producto\/grabador-de-red-nvr-8ch-poe\/#primaryimage\",\"url\":\"https:\/\/i0.wp.com\/dashboard.dcelectronicapty.com\/wp-content\/uploads\/2025\/09\/XVR1B08_1.png?fit=%2C&ssl=1\",\"contentUrl\":\"https:\/\/i0.wp.com\/dashboard.dcelectronicapty.com\/wp-content\/uploads\/2025\/09\/XVR1B08_1.png?fit=%2C&ssl=1\"},{\"@type\":\"BreadcrumbList\",\"@id\":\"https:\/\/dashboard.dcelectronicapty.com\/index.php\/producto\/grabador-de-red-nvr-8ch-poe\/#breadcrumb\",\"itemListElement\":[{\"@type\":\"ListItem\",\"position\":1,\"name\":\"Home\",\"item\":\"https:\/\/dashboard.dcelectronicapty.com\/\"},{\"@type\":\"ListItem\",\"position\":2,\"name\":\"Tienda\",\"item\":\"https:\/\/dashboard.dcelectronicapty.com\/index.php\/tienda\/\"},{\"@type\":\"ListItem\",\"position\":3,\"name\":\"GRABADOR DE RED NVR 8CH PoE\"}]},{\"@type\":\"WebSite\",\"@id\":\"https:\/\/dashboard.dcelectronicapty.com\/#website\",\"url\":\"https:\/\/dashboard.dcelectronicapty.com\/\",\"name\":\"DC Electronica\",\"description\":\"\",\"publisher\":{\"@id\":\"https:\/\/dashboard.dcelectronicapty.com\/#organization\"},\"potentialAction\":[{\"@type\":\"SearchAction\",\"target\":{\"@type\":\"EntryPoint\",\"urlTemplate\":\"https:\/\/dashboard.dcelectronicapty.com\/?s={search_term_string}\"},\"query-input\":{\"@type\":\"PropertyValueSpecification\",\"valueRequired\":true,\"valueName\":\"search_term_string\"}}],\"inLanguage\":\"en-US\"},{\"@type\":\"Organization\",\"@id\":\"https:\/\/dashboard.dcelectronicapty.com\/#organization\",\"name\":\"DC Electronica\",\"url\":\"https:\/\/dashboard.dcelectronicapty.com\/\",\"logo\":{\"@type\":\"ImageObject\",\"inLanguage\":\"en-US\",\"@id\":\"https:\/\/dashboard.dcelectronicapty.com\/#\/schema\/logo\/image\/\",\"url\":\"https:\/\/i0.wp.com\/dashboard.dcelectronicapty.com\/wp-content\/uploads\/2023\/02\/cropped-cropped-Logo.png?fit=241%2C195&ssl=1\",\"contentUrl\":\"https:\/\/i0.wp.com\/dashboard.dcelectronicapty.com\/wp-content\/uploads\/2023\/02\/cropped-cropped-Logo.png?fit=241%2C195&ssl=1\",\"width\":241,\"height\":195,\"caption\":\"DC Electronica\"},\"image\":{\"@id\":\"https:\/\/dashboard.dcelectronicapty.com\/#\/schema\/logo\/image\/\"},\"sameAs\":[\"https:\/\/www.facebook.com\/dcelectronicapty\",\"https:\/\/www.instagram.com\/dcelectronicapty\/\"]}]}<\/script>\n<!-- \/ Yoast SEO plugin. -->","yoast_head_json":{"title":"GRABADOR DE RED NVR 8CH PoE - DC Electronica","robots":{"index":"index","follow":"follow","max-snippet":"max-snippet:-1","max-image-preview":"max-image-preview:large","max-video-preview":"max-video-preview:-1"},"canonical":"https:\/\/dashboard.dcelectronicapty.com\/index.php\/producto\/grabador-de-red-nvr-8ch-poe\/","og_locale":"en_US","og_type":"article","og_title":"GRABADOR DE RED NVR 8CH PoE - DC Electronica","og_description":"DHI-NVR1108HS-S3\/H Grabador de v\u00eddeo en red compacto de 8 canales, 1U, 1 HDD Lite H.265 &gt; Nueva interfaz de usuario 4.0. &gt; Vigilancia remota P2P, reproducci\u00f3n de v\u00eddeo en dispositivos m\u00f3viles. &gt; 4 canales a 1080p (30 fps), capacidad de decodificaci\u00f3n autoadaptativa &gt; Compatible con las principales c\u00e1maras de protocolo ONVIF y RTSP &gt; Smart &hellip; GRABADOR DE RED NVR 8CH PoE Read More &raquo;","og_url":"https:\/\/dashboard.dcelectronicapty.com\/index.php\/producto\/grabador-de-red-nvr-8ch-poe\/","og_site_name":"DC Electronica","article_publisher":"https:\/\/www.facebook.com\/dcelectronicapty","article_modified_time":"2025-09-05T20:16:40+00:00","twitter_card":"summary_large_image","twitter_image":"https:\/\/i0.wp.com\/dashboard.dcelectronicapty.com\/wp-content\/uploads\/2025\/09\/XVR1B08_1.png?fit=%2C&ssl=1","twitter_misc":{"Est. reading time":"1 minute"},"schema":{"@context":"https:\/\/schema.org","@graph":[{"@type":"WebPage","@id":"https:\/\/dashboard.dcelectronicapty.com\/index.php\/producto\/grabador-de-red-nvr-8ch-poe\/","url":"https:\/\/dashboard.dcelectronicapty.com\/index.php\/producto\/grabador-de-red-nvr-8ch-poe\/","name":"GRABADOR DE RED NVR 8CH PoE - DC Electronica","isPartOf":{"@id":"https:\/\/dashboard.dcelectronicapty.com\/#website"},"primaryImageOfPage":{"@id":"https:\/\/dashboard.dcelectronicapty.com\/index.php\/producto\/grabador-de-red-nvr-8ch-poe\/#primaryimage"},"image":{"@id":"https:\/\/dashboard.dcelectronicapty.com\/index.php\/producto\/grabador-de-red-nvr-8ch-poe\/#primaryimage"},"thumbnailUrl":"https:\/\/i0.wp.com\/dashboard.dcelectronicapty.com\/wp-content\/uploads\/2025\/09\/XVR1B08_1.png?fit=%2C&ssl=1","datePublished":"2025-09-05T20:09:36+00:00","dateModified":"2025-09-05T20:16:40+00:00","breadcrumb":{"@id":"https:\/\/dashboard.dcelectronicapty.com\/index.php\/producto\/grabador-de-red-nvr-8ch-poe\/#breadcrumb"},"inLanguage":"en-US","potentialAction":[{"@type":"ReadAction","target":["https:\/\/dashboard.dcelectronicapty.com\/index.php\/producto\/grabador-de-red-nvr-8ch-poe\/"]}]},{"@type":"ImageObject","inLanguage":"en-US","@id":"https:\/\/dashboard.dcelectronicapty.com\/index.php\/producto\/grabador-de-red-nvr-8ch-poe\/#primaryimage","url":"https:\/\/i0.wp.com\/dashboard.dcelectronicapty.com\/wp-content\/uploads\/2025\/09\/XVR1B08_1.png?fit=%2C&ssl=1","contentUrl":"https:\/\/i0.wp.com\/dashboard.dcelectronicapty.com\/wp-content\/uploads\/2025\/09\/XVR1B08_1.png?fit=%2C&ssl=1"},{"@type":"BreadcrumbList","@id":"https:\/\/dashboard.dcelectronicapty.com\/index.php\/producto\/grabador-de-red-nvr-8ch-poe\/#breadcrumb","itemListElement":[{"@type":"ListItem","position":1,"name":"Home","item":"https:\/\/dashboard.dcelectronicapty.com\/"},{"@type":"ListItem","position":2,"name":"Tienda","item":"https:\/\/dashboard.dcelectronicapty.com\/index.php\/tienda\/"},{"@type":"ListItem","position":3,"name":"GRABADOR DE RED NVR 8CH PoE"}]},{"@type":"WebSite","@id":"https:\/\/dashboard.dcelectronicapty.com\/#website","url":"https:\/\/dashboard.dcelectronicapty.com\/","name":"DC Electronica","description":"","publisher":{"@id":"https:\/\/dashboard.dcelectronicapty.com\/#organization"},"potentialAction":[{"@type":"SearchAction","target":{"@type":"EntryPoint","urlTemplate":"https:\/\/dashboard.dcelectronicapty.com\/?s={search_term_string}"},"query-input":{"@type":"PropertyValueSpecification","valueRequired":true,"valueName":"search_term_string"}}],"inLanguage":"en-US"},{"@type":"Organization","@id":"https:\/\/dashboard.dcelectronicapty.com\/#organization","name":"DC Electronica","url":"https:\/\/dashboard.dcelectronicapty.com\/","logo":{"@type":"ImageObject","inLanguage":"en-US","@id":"https:\/\/dashboard.dcelectronicapty.com\/#\/schema\/logo\/image\/","url":"https:\/\/i0.wp.com\/dashboard.dcelectronicapty.com\/wp-content\/uploads\/2023\/02\/cropped-cropped-Logo.png?fit=241%2C195&ssl=1","contentUrl":"https:\/\/i0.wp.com\/dashboard.dcelectronicapty.com\/wp-content\/uploads\/2023\/02\/cropped-cropped-Logo.png?fit=241%2C195&ssl=1","width":241,"height":195,"caption":"DC Electronica"},"image":{"@id":"https:\/\/dashboard.dcelectronicapty.com\/#\/schema\/logo\/image\/"},"sameAs":["https:\/\/www.facebook.com\/dcelectronicapty","https:\/\/www.instagram.com\/dcelectronicapty\/"]}]}},"_links":{"self":[{"href":"https:\/\/dashboard.dcelectronicapty.com\/index.php\/wp-json\/wp\/v2\/product\/1005","targetHints":{"allow":["GET"]}}],"collection":[{"href":"https:\/\/dashboard.dcelectronicapty.com\/index.php\/wp-json\/wp\/v2\/product"}],"about":[{"href":"https:\/\/dashboard.dcelectronicapty.com\/index.php\/wp-json\/wp\/v2\/types\/product"}],"replies":[{"embeddable":true,"href":"https:\/\/dashboard.dcelectronicapty.com\/index.php\/wp-json\/wp\/v2\/comments?post=1005"}],"wp:featuredmedia":[{"embeddable":true,"href":"https:\/\/dashboard.dcelectronicapty.com\/index.php\/wp-json\/wp\/v2\/media\/976"}],"wp:attachment":[{"href":"https:\/\/dashboard.dcelectronicapty.com\/index.php\/wp-json\/wp\/v2\/media?parent=1005"}],"wp:term":[{"taxonomy":"product_cat","embeddable":true,"href":"https:\/\/dashboard.dcelectronicapty.com\/index.php\/wp-json\/wp\/v2\/product_cat?post=1005"},{"taxonomy":"product_tag","embeddable":true,"href":"https:\/\/dashboard.dcelectronicapty.com\/index.php\/wp-json\/wp\/v2\/product_tag?post=1005"}],"curies":[{"name":"wp","href":"https:\/\/api.w.org\/{rel}","templated":true}]}}