{"id":836,"date":"2025-08-11T02:58:00","date_gmt":"2025-08-11T02:58:00","guid":{"rendered":"https:\/\/dashboard.dcelectronicapty.com\/?post_type=product&#038;p=836"},"modified":"2025-08-11T03:01:29","modified_gmt":"2025-08-11T03:01:29","slug":"smd-tester-electronica","status":"publish","type":"product","link":"https:\/\/dashboard.dcelectronicapty.com\/index.php\/producto\/smd-tester-electronica\/","title":{"rendered":"SMD Tester Electronica"},"content":{"rendered":"<p data-start=\"59\" data-end=\"92\"><strong data-start=\"59\" data-end=\"90\">Caracter\u00edsticas principales<\/strong><\/p>\n<ul data-start=\"93\" data-end=\"239\">\n<li data-start=\"93\" data-end=\"121\">\n<p data-start=\"95\" data-end=\"121\"><strong data-start=\"95\" data-end=\"115\">Rango autom\u00e1tico<\/strong>: S\u00ed<\/p>\n<\/li>\n<li data-start=\"122\" data-end=\"160\">\n<p data-start=\"124\" data-end=\"160\"><strong data-start=\"124\" data-end=\"154\">Modo de escaneo autom\u00e1tico<\/strong>: S\u00ed<\/p>\n<\/li>\n<li data-start=\"161\" data-end=\"198\">\n<p data-start=\"163\" data-end=\"198\"><strong data-start=\"163\" data-end=\"192\">Indicador de bater\u00eda baja<\/strong>: S\u00ed<\/p>\n<\/li>\n<li data-start=\"199\" data-end=\"239\">\n<p data-start=\"201\" data-end=\"239\"><strong data-start=\"201\" data-end=\"233\">Pantalla LCD de 3000 cuentas<\/strong>: S\u00ed<\/p>\n<\/li>\n<\/ul>\n<hr data-start=\"241\" data-end=\"244\" \/>\n<p data-start=\"246\" data-end=\"276\"><strong data-start=\"246\" data-end=\"274\">Funciones y resoluciones<\/strong><\/p>\n<p data-start=\"278\" data-end=\"296\"><strong data-start=\"278\" data-end=\"294\">Resistencia:<\/strong><\/p>\n<ul data-start=\"297\" data-end=\"441\">\n<li data-start=\"297\" data-end=\"384\">\n<p data-start=\"299\" data-end=\"384\">300 \u03a9 \/ 3 k\u03a9 \/ 30 k\u03a9 \/ 300 k\u03a9 \/ 3 M\u03a9 \u2192 Precisi\u00f3n: \u00b1(1.0% de la lectura + 2 d\u00edgitos)<\/p>\n<\/li>\n<li data-start=\"385\" data-end=\"441\">\n<p data-start=\"387\" data-end=\"441\">30 M\u03a9 \u2192 Precisi\u00f3n: \u00b1(1.2% de la lectura + 3 d\u00edgitos)<\/p>\n<\/li>\n<\/ul>\n<p data-start=\"443\" data-end=\"462\"><strong data-start=\"443\" data-end=\"460\">Capacitancia:<\/strong><\/p>\n<ul data-start=\"463\" data-end=\"623\">\n<li data-start=\"463\" data-end=\"550\">\n<p data-start=\"465\" data-end=\"550\">3 nF \/ 30 nF \/ 300 nF \/ 3 \u00b5F \/ 30 \u00b5F \u2192 Precisi\u00f3n: \u00b1(2.5% de la lectura + 3 d\u00edgitos)<\/p>\n<\/li>\n<li data-start=\"551\" data-end=\"623\">\n<p data-start=\"553\" data-end=\"623\">300 \u00b5F \/ 3 mF \/ 30 mF \u2192 Precisi\u00f3n: \u00b1(3.0% de la lectura + 3 d\u00edgitos)<\/p>\n<\/li>\n<\/ul>\n<hr data-start=\"625\" data-end=\"628\" \/>\n<p data-start=\"630\" data-end=\"666\"><strong data-start=\"630\" data-end=\"664\">Modos de medici\u00f3n disponibles:<\/strong><\/p>\n<ul>\n<li style=\"list-style-type: none;\">\n<ul>\n<li style=\"list-style-type: none;\">\n<ul data-start=\"667\" data-end=\"747\">\n<li data-start=\"667\" data-end=\"694\">\n<p data-start=\"669\" data-end=\"694\">Medici\u00f3n de resistencia<\/p>\n<\/li>\n<li data-start=\"695\" data-end=\"721\">\n<p data-start=\"697\" data-end=\"721\">Comprobaci\u00f3n de diodos<\/p>\n<\/li>\n<li data-start=\"722\" data-end=\"747\">\n<p data-start=\"724\" data-end=\"747\">Prueba de continuidad<\/p>\n<\/li>\n<\/ul>\n<\/li>\n<\/ul>\n<\/li>\n<\/ul>\n","protected":false},"excerpt":{"rendered":"<p>Caracter\u00edsticas principales Rango autom\u00e1tico: S\u00ed Modo de escaneo autom\u00e1tico: S\u00ed Indicador de bater\u00eda baja: S\u00ed Pantalla LCD de 3000 cuentas: S\u00ed Funciones y resoluciones Resistencia: 300 \u03a9 \/ 3 k\u03a9 \/ 30 k\u03a9 \/ 300 k\u03a9 \/ 3 M\u03a9 \u2192 Precisi\u00f3n: \u00b1(1.0% de la lectura + 2 d\u00edgitos) 30 M\u03a9 \u2192 Precisi\u00f3n: \u00b1(1.2% de la &hellip;<\/p>\n<p class=\"read-more\"> <a class=\"\" href=\"https:\/\/dashboard.dcelectronicapty.com\/index.php\/producto\/smd-tester-electronica\/\"> <span class=\"screen-reader-text\">SMD Tester Electronica<\/span> Read More &raquo;<\/a><\/p>\n","protected":false},"featured_media":838,"comment_status":"open","ping_status":"closed","template":"","meta":{"site-sidebar-layout":"default","site-content-layout":"default","ast-global-header-display":"","ast-main-header-display":"","ast-hfb-above-header-display":"","ast-hfb-below-header-display":"","ast-hfb-mobile-header-display":"","site-post-title":"","ast-breadcrumbs-content":"","ast-featured-img":"","footer-sml-layout":"","theme-transparent-header-meta":"default","adv-header-id-meta":"","stick-header-meta":"","header-above-stick-meta":"","header-main-stick-meta":"","header-below-stick-meta":"","_joinchat":[]},"product_cat":[19,45],"product_tag":[],"class_list":["post-836","product","type-product","status-publish","has-post-thumbnail","hentry","product_cat-herramientas","product_cat-instrumentos-de-medicion"],"yoast_head":"<!-- This site is optimized with the Yoast SEO plugin v27.1.1 - https:\/\/yoast.com\/product\/yoast-seo-wordpress\/ -->\n<title>SMD Tester Electronica - DC Electronica<\/title>\n<meta name=\"robots\" content=\"index, follow, max-snippet:-1, max-image-preview:large, max-video-preview:-1\" \/>\n<link rel=\"canonical\" href=\"https:\/\/dashboard.dcelectronicapty.com\/index.php\/producto\/smd-tester-electronica\/\" \/>\n<meta property=\"og:locale\" content=\"en_US\" \/>\n<meta property=\"og:type\" content=\"article\" \/>\n<meta property=\"og:title\" content=\"SMD Tester Electronica - DC Electronica\" \/>\n<meta property=\"og:description\" content=\"Caracter\u00edsticas principales Rango autom\u00e1tico: S\u00ed Modo de escaneo autom\u00e1tico: S\u00ed Indicador de bater\u00eda baja: S\u00ed Pantalla LCD de 3000 cuentas: S\u00ed Funciones y resoluciones Resistencia: 300 \u03a9 \/ 3 k\u03a9 \/ 30 k\u03a9 \/ 300 k\u03a9 \/ 3 M\u03a9 \u2192 Precisi\u00f3n: \u00b1(1.0% de la lectura + 2 d\u00edgitos) 30 M\u03a9 \u2192 Precisi\u00f3n: \u00b1(1.2% de la &hellip; SMD Tester Electronica Read More &raquo;\" \/>\n<meta property=\"og:url\" content=\"https:\/\/dashboard.dcelectronicapty.com\/index.php\/producto\/smd-tester-electronica\/\" \/>\n<meta property=\"og:site_name\" content=\"DC Electronica\" \/>\n<meta property=\"article:publisher\" content=\"https:\/\/www.facebook.com\/dcelectronicapty\" \/>\n<meta property=\"article:modified_time\" content=\"2025-08-11T03:01:29+00:00\" \/>\n<meta property=\"og:image\" content=\"https:\/\/i0.wp.com\/dashboard.dcelectronicapty.com\/wp-content\/uploads\/2025\/08\/GN701_2.jpg?fit=1910%2C1000&ssl=1\" \/>\n\t<meta property=\"og:image:width\" content=\"1910\" \/>\n\t<meta property=\"og:image:height\" content=\"1000\" \/>\n\t<meta property=\"og:image:type\" content=\"image\/jpeg\" \/>\n<meta name=\"twitter:card\" content=\"summary_large_image\" \/>\n<script type=\"application\/ld+json\" class=\"yoast-schema-graph\">{\"@context\":\"https:\/\/schema.org\",\"@graph\":[{\"@type\":\"WebPage\",\"@id\":\"https:\/\/dashboard.dcelectronicapty.com\/index.php\/producto\/smd-tester-electronica\/\",\"url\":\"https:\/\/dashboard.dcelectronicapty.com\/index.php\/producto\/smd-tester-electronica\/\",\"name\":\"SMD Tester Electronica - DC Electronica\",\"isPartOf\":{\"@id\":\"https:\/\/dashboard.dcelectronicapty.com\/#website\"},\"primaryImageOfPage\":{\"@id\":\"https:\/\/dashboard.dcelectronicapty.com\/index.php\/producto\/smd-tester-electronica\/#primaryimage\"},\"image\":{\"@id\":\"https:\/\/dashboard.dcelectronicapty.com\/index.php\/producto\/smd-tester-electronica\/#primaryimage\"},\"thumbnailUrl\":\"https:\/\/i0.wp.com\/dashboard.dcelectronicapty.com\/wp-content\/uploads\/2025\/08\/GN701_2.jpg?fit=1910%2C1000&ssl=1\",\"datePublished\":\"2025-08-11T02:58:00+00:00\",\"dateModified\":\"2025-08-11T03:01:29+00:00\",\"breadcrumb\":{\"@id\":\"https:\/\/dashboard.dcelectronicapty.com\/index.php\/producto\/smd-tester-electronica\/#breadcrumb\"},\"inLanguage\":\"en-US\",\"potentialAction\":[{\"@type\":\"ReadAction\",\"target\":[\"https:\/\/dashboard.dcelectronicapty.com\/index.php\/producto\/smd-tester-electronica\/\"]}]},{\"@type\":\"ImageObject\",\"inLanguage\":\"en-US\",\"@id\":\"https:\/\/dashboard.dcelectronicapty.com\/index.php\/producto\/smd-tester-electronica\/#primaryimage\",\"url\":\"https:\/\/i0.wp.com\/dashboard.dcelectronicapty.com\/wp-content\/uploads\/2025\/08\/GN701_2.jpg?fit=1910%2C1000&ssl=1\",\"contentUrl\":\"https:\/\/i0.wp.com\/dashboard.dcelectronicapty.com\/wp-content\/uploads\/2025\/08\/GN701_2.jpg?fit=1910%2C1000&ssl=1\",\"width\":1910,\"height\":1000},{\"@type\":\"BreadcrumbList\",\"@id\":\"https:\/\/dashboard.dcelectronicapty.com\/index.php\/producto\/smd-tester-electronica\/#breadcrumb\",\"itemListElement\":[{\"@type\":\"ListItem\",\"position\":1,\"name\":\"Home\",\"item\":\"https:\/\/dashboard.dcelectronicapty.com\/\"},{\"@type\":\"ListItem\",\"position\":2,\"name\":\"Tienda\",\"item\":\"https:\/\/dashboard.dcelectronicapty.com\/index.php\/tienda\/\"},{\"@type\":\"ListItem\",\"position\":3,\"name\":\"SMD Tester Electronica\"}]},{\"@type\":\"WebSite\",\"@id\":\"https:\/\/dashboard.dcelectronicapty.com\/#website\",\"url\":\"https:\/\/dashboard.dcelectronicapty.com\/\",\"name\":\"DC Electronica\",\"description\":\"\",\"publisher\":{\"@id\":\"https:\/\/dashboard.dcelectronicapty.com\/#organization\"},\"potentialAction\":[{\"@type\":\"SearchAction\",\"target\":{\"@type\":\"EntryPoint\",\"urlTemplate\":\"https:\/\/dashboard.dcelectronicapty.com\/?s={search_term_string}\"},\"query-input\":{\"@type\":\"PropertyValueSpecification\",\"valueRequired\":true,\"valueName\":\"search_term_string\"}}],\"inLanguage\":\"en-US\"},{\"@type\":\"Organization\",\"@id\":\"https:\/\/dashboard.dcelectronicapty.com\/#organization\",\"name\":\"DC Electronica\",\"url\":\"https:\/\/dashboard.dcelectronicapty.com\/\",\"logo\":{\"@type\":\"ImageObject\",\"inLanguage\":\"en-US\",\"@id\":\"https:\/\/dashboard.dcelectronicapty.com\/#\/schema\/logo\/image\/\",\"url\":\"https:\/\/i0.wp.com\/dashboard.dcelectronicapty.com\/wp-content\/uploads\/2023\/02\/cropped-cropped-Logo.png?fit=241%2C195&ssl=1\",\"contentUrl\":\"https:\/\/i0.wp.com\/dashboard.dcelectronicapty.com\/wp-content\/uploads\/2023\/02\/cropped-cropped-Logo.png?fit=241%2C195&ssl=1\",\"width\":241,\"height\":195,\"caption\":\"DC Electronica\"},\"image\":{\"@id\":\"https:\/\/dashboard.dcelectronicapty.com\/#\/schema\/logo\/image\/\"},\"sameAs\":[\"https:\/\/www.facebook.com\/dcelectronicapty\",\"https:\/\/www.instagram.com\/dcelectronicapty\/\"]}]}<\/script>\n<!-- \/ Yoast SEO plugin. -->","yoast_head_json":{"title":"SMD Tester Electronica - DC Electronica","robots":{"index":"index","follow":"follow","max-snippet":"max-snippet:-1","max-image-preview":"max-image-preview:large","max-video-preview":"max-video-preview:-1"},"canonical":"https:\/\/dashboard.dcelectronicapty.com\/index.php\/producto\/smd-tester-electronica\/","og_locale":"en_US","og_type":"article","og_title":"SMD Tester Electronica - DC Electronica","og_description":"Caracter\u00edsticas principales Rango autom\u00e1tico: S\u00ed Modo de escaneo autom\u00e1tico: S\u00ed Indicador de bater\u00eda baja: S\u00ed Pantalla LCD de 3000 cuentas: S\u00ed Funciones y resoluciones Resistencia: 300 \u03a9 \/ 3 k\u03a9 \/ 30 k\u03a9 \/ 300 k\u03a9 \/ 3 M\u03a9 \u2192 Precisi\u00f3n: \u00b1(1.0% de la lectura + 2 d\u00edgitos) 30 M\u03a9 \u2192 Precisi\u00f3n: \u00b1(1.2% de la &hellip; SMD Tester Electronica Read More &raquo;","og_url":"https:\/\/dashboard.dcelectronicapty.com\/index.php\/producto\/smd-tester-electronica\/","og_site_name":"DC Electronica","article_publisher":"https:\/\/www.facebook.com\/dcelectronicapty","article_modified_time":"2025-08-11T03:01:29+00:00","og_image":[{"width":1910,"height":1000,"url":"https:\/\/i0.wp.com\/dashboard.dcelectronicapty.com\/wp-content\/uploads\/2025\/08\/GN701_2.jpg?fit=1910%2C1000&ssl=1","type":"image\/jpeg"}],"twitter_card":"summary_large_image","schema":{"@context":"https:\/\/schema.org","@graph":[{"@type":"WebPage","@id":"https:\/\/dashboard.dcelectronicapty.com\/index.php\/producto\/smd-tester-electronica\/","url":"https:\/\/dashboard.dcelectronicapty.com\/index.php\/producto\/smd-tester-electronica\/","name":"SMD Tester Electronica - DC Electronica","isPartOf":{"@id":"https:\/\/dashboard.dcelectronicapty.com\/#website"},"primaryImageOfPage":{"@id":"https:\/\/dashboard.dcelectronicapty.com\/index.php\/producto\/smd-tester-electronica\/#primaryimage"},"image":{"@id":"https:\/\/dashboard.dcelectronicapty.com\/index.php\/producto\/smd-tester-electronica\/#primaryimage"},"thumbnailUrl":"https:\/\/i0.wp.com\/dashboard.dcelectronicapty.com\/wp-content\/uploads\/2025\/08\/GN701_2.jpg?fit=1910%2C1000&ssl=1","datePublished":"2025-08-11T02:58:00+00:00","dateModified":"2025-08-11T03:01:29+00:00","breadcrumb":{"@id":"https:\/\/dashboard.dcelectronicapty.com\/index.php\/producto\/smd-tester-electronica\/#breadcrumb"},"inLanguage":"en-US","potentialAction":[{"@type":"ReadAction","target":["https:\/\/dashboard.dcelectronicapty.com\/index.php\/producto\/smd-tester-electronica\/"]}]},{"@type":"ImageObject","inLanguage":"en-US","@id":"https:\/\/dashboard.dcelectronicapty.com\/index.php\/producto\/smd-tester-electronica\/#primaryimage","url":"https:\/\/i0.wp.com\/dashboard.dcelectronicapty.com\/wp-content\/uploads\/2025\/08\/GN701_2.jpg?fit=1910%2C1000&ssl=1","contentUrl":"https:\/\/i0.wp.com\/dashboard.dcelectronicapty.com\/wp-content\/uploads\/2025\/08\/GN701_2.jpg?fit=1910%2C1000&ssl=1","width":1910,"height":1000},{"@type":"BreadcrumbList","@id":"https:\/\/dashboard.dcelectronicapty.com\/index.php\/producto\/smd-tester-electronica\/#breadcrumb","itemListElement":[{"@type":"ListItem","position":1,"name":"Home","item":"https:\/\/dashboard.dcelectronicapty.com\/"},{"@type":"ListItem","position":2,"name":"Tienda","item":"https:\/\/dashboard.dcelectronicapty.com\/index.php\/tienda\/"},{"@type":"ListItem","position":3,"name":"SMD Tester Electronica"}]},{"@type":"WebSite","@id":"https:\/\/dashboard.dcelectronicapty.com\/#website","url":"https:\/\/dashboard.dcelectronicapty.com\/","name":"DC Electronica","description":"","publisher":{"@id":"https:\/\/dashboard.dcelectronicapty.com\/#organization"},"potentialAction":[{"@type":"SearchAction","target":{"@type":"EntryPoint","urlTemplate":"https:\/\/dashboard.dcelectronicapty.com\/?s={search_term_string}"},"query-input":{"@type":"PropertyValueSpecification","valueRequired":true,"valueName":"search_term_string"}}],"inLanguage":"en-US"},{"@type":"Organization","@id":"https:\/\/dashboard.dcelectronicapty.com\/#organization","name":"DC Electronica","url":"https:\/\/dashboard.dcelectronicapty.com\/","logo":{"@type":"ImageObject","inLanguage":"en-US","@id":"https:\/\/dashboard.dcelectronicapty.com\/#\/schema\/logo\/image\/","url":"https:\/\/i0.wp.com\/dashboard.dcelectronicapty.com\/wp-content\/uploads\/2023\/02\/cropped-cropped-Logo.png?fit=241%2C195&ssl=1","contentUrl":"https:\/\/i0.wp.com\/dashboard.dcelectronicapty.com\/wp-content\/uploads\/2023\/02\/cropped-cropped-Logo.png?fit=241%2C195&ssl=1","width":241,"height":195,"caption":"DC Electronica"},"image":{"@id":"https:\/\/dashboard.dcelectronicapty.com\/#\/schema\/logo\/image\/"},"sameAs":["https:\/\/www.facebook.com\/dcelectronicapty","https:\/\/www.instagram.com\/dcelectronicapty\/"]}]}},"_links":{"self":[{"href":"https:\/\/dashboard.dcelectronicapty.com\/index.php\/wp-json\/wp\/v2\/product\/836","targetHints":{"allow":["GET"]}}],"collection":[{"href":"https:\/\/dashboard.dcelectronicapty.com\/index.php\/wp-json\/wp\/v2\/product"}],"about":[{"href":"https:\/\/dashboard.dcelectronicapty.com\/index.php\/wp-json\/wp\/v2\/types\/product"}],"replies":[{"embeddable":true,"href":"https:\/\/dashboard.dcelectronicapty.com\/index.php\/wp-json\/wp\/v2\/comments?post=836"}],"wp:featuredmedia":[{"embeddable":true,"href":"https:\/\/dashboard.dcelectronicapty.com\/index.php\/wp-json\/wp\/v2\/media\/838"}],"wp:attachment":[{"href":"https:\/\/dashboard.dcelectronicapty.com\/index.php\/wp-json\/wp\/v2\/media?parent=836"}],"wp:term":[{"taxonomy":"product_cat","embeddable":true,"href":"https:\/\/dashboard.dcelectronicapty.com\/index.php\/wp-json\/wp\/v2\/product_cat?post=836"},{"taxonomy":"product_tag","embeddable":true,"href":"https:\/\/dashboard.dcelectronicapty.com\/index.php\/wp-json\/wp\/v2\/product_tag?post=836"}],"curies":[{"name":"wp","href":"https:\/\/api.w.org\/{rel}","templated":true}]}}